actor of 96 and d.
24
Let v = -84 + 124. What is the greatest common divisor of v and 20?
20
Let b(v) = -v**3 - 5*v**2 + 7*v. Let q be b(-6). Let w = 54 - q. Let s be 244/10 - (-4)/(-10). Calculate the greatest common divisor of w and s.
12
Suppose -17*z + 24 = -14*z. Calculate the greatest common divisor of 6 and z.
2
Suppose -4*r + 5 = -3. Let x be (-27)/(-12) - (-1)/(-4). What is the greatest common divisor of r and x?
2
Let p(w) = -w**2 + 3*w + 6. Let u be p(5). Let i = 8 + u. Suppose 0*h + h - 25 = -5*x, -i*x - 5*h + 41 = 0. What is the highest common factor of 6 and x?
2
Suppose 2*c - 64 = 150. Suppose c + 613 = 4*g. Suppose j - g = -j. Calculate the greatest common factor of 36 and j.
18
Suppose -6*y + 25*y = 1900. What is the highest common divisor of 20 and y?
20
Let d(h) = h**2 + 5*h - 5. Let o be d(-6). Let n be 4/22 + 200/110. Let w be -1 + (38/o)/n. Calculate the greatest common divisor of 9 and w.
9
Let p = -582 - -816. Suppose 2*l = 4*x + 232, 2*l - x = p - 14. What is the greatest common divisor of 12 and l?
12
Let l(d) = -d**2 + 11*d - 2. Let w be l(11). Let m be (-3 - -1)/(w/154). Calculate the greatest common factor of m and 14.
14
Let r be (-2 + -22)/(2/(-18)). Calculate the greatest common divisor of 27 and r.
27
Let q(i) = -19*i + 38. Let d(g) = -13*g + 25. Let n(r) = 7*d(r) - 5*q(r). Let f be n(15). What is the greatest common factor of 30 and f?
15
Suppose -f = -51 + 11. What is the highest common factor of f and 16?
8
Let h(o) = -o - 5. Let d be h(-9). Suppose -d*y - 4*q + 3*q = -18, 14 = 4*y - q. What is the greatest common divisor of y and 4?
4
Let u(i) = -4*i - 14. Let b be u(-5). What is the highest common factor of 96 and b?
6
Suppose -3*o = a - 5, -a + 6*a = -3*o + 25. Suppose o = -2*b - 8 - 4. Let l(i) = -2*i + 2. Let t be l(b). Calculate the greatest common factor of 14 and t.
14
Let g(h) be the first derivative of 35*h**3/3 - h**2 - h + 5. Let l be g(-1). What is the greatest common factor of 90 and l?
18
Let i = 2 - 6. Let s be (-53)/i - 2/8. Let t(n) = -13*n - 39. Let b be t(-6). Calculate the highest common divisor of s and b.
13
Let j(v) = -v**2 + 9*v - 3. Let f be j(8). What is the greatest common factor of f and 25?
5
Let o = 4 + -6. Let p be (96/(-15))/(o/100). Suppose -4*n - n = -p. Calculate the greatest common divisor of n and 8.
8
Let g be 10*(3 + -4)/(-2). What is the greatest common factor of 25 and g?
5
Let i(f) = -f - 102 + f**3 + 102 + f**2. Let l be i(1). Calculate the highest common factor of l and 5.
1
Let y = -79 - -107. Calculate the highest common factor of y and 84.
28
Suppose 3*p - 3 - 195 = 0. Suppose 0 = -2*i + p - 18. What is the highest common factor of 96 and i?
24
Let z = -101 + 119. What is the highest common divisor of 2 and z?
2
Let w = -15 + 33. Let g be (-8)/(-36) - (-1256)/w. What is the highest common divisor of g and 10?
10
Let w(a) = -9*a. Let u be w(-2). Suppose -3*i - u = -3*x, -2*x + 5*i = -5 - 13. Calculate the greatest common divisor of 1 and x.
1
Suppose -4*d = 2*d - 30. Calculate the highest common divisor of 5 and d.
5
Let y be (-6)/(-27) - (-528)/54. Calculate the greatest common factor of y and 15.
5
Let j be ((-540)/(-6))/(2 - 2 - -2). Calculate the highest common factor of 30 and j.
15
Suppose 0 = 2*z - 6 - 0. Suppose c - q - q - 107 = 0, z*q + 12 = 0. Let n = -27 - -38. Calculate the greatest common divisor of n and c.
11
Let g = 12 - -3. Let i(n) = 4*n**2 + 17*n + 15. Let y be i(-8). What is the greatest common factor of g and y?
15
Let i be 1/(2/(-6)) - 7. Let v = -3 - i. Calculate the greatest common factor of 1 and v.
1
Let f be (-3)/3*(1 - -7). Let r be 12042/f + (-1)/(-4). Let y be 1/2 + r/(-14). Calculate the greatest common factor of 12 and y.
12
Let n = -3 + 24. Let g = n + -14. Let s = -6 + g. Calculate the highest common factor of s and 3.
1
Suppose -11*t + t = -220. What is the highest common factor of t and 220?
22
Suppose 0*o + o = 3*l, 8 = -4*l + 4*o. Calculate the highest common divisor of l and 8.
1
Let p(i) = -i + 26. Let z be p(17). What is the greatest common divisor of 27 and z?
9
Suppose -3*b + 0 - 24 = 4*h, 3*h + 29 = -5*b. Let v be (-1 + -1)/(b/8). Let n = 37 - v. What is the highest common divisor of n and 3?
3
Suppose 0 = -0*v - v + 36. Let u = 66 + -38. Suppose 3*y + 0*b - 2*b = u, -4*y - 5*b = -68. Calculate the greatest common factor of y and v.
12
Suppose 0 = 3*f - 4*b + 5*b - 624, -4*f = -5*b - 851. What is the highest common factor of f and 11?
11
Suppose 0 = 6*v + 2*v. Let r = 10 - 7. Suppose v = -r*n - w, -3*n + 0*n - 3*w = 6. Calculate the highest common divisor of 7 and n.
1
Suppose -2*g + 21 = 3. Let v(s) = s**3 - 7*s**2 + 6*s + 1. Let x be v(6). Let y = 0 + x. What is the highest common factor of g and y?
1
Suppose -22 = p - 76. Let v = 9 + -3. What is the greatest common factor of v and p?
6
Let n(j) = -3*j**3 - j**2 - j - 1. Let s be n(-1). What is the highest common factor of s and 26?
2
Let p be (-2)/6 - (-2)/(-3). Let w be (3/(-12) - p)*24. Let f = 45 + 0. What is the highest common factor of f and w?
9
Let c(h) = 2*h**2 + 7*h + 3. Let k be c(-7). Suppose -w - k = -5*w. Let r = -60 + 112. Calculate the greatest common factor of r and w.
13
Suppose -23 = -5*b - 8. Suppose 2*p - 3*p + 16 = 0. Suppose d = -b*d - p, -5*d - 34 = -2*l. What is the highest common divisor of 7 and l?
7
Let w be (65/15 + -1)*21. What is the highest common factor of w and 14?
14
Suppose -m - 7*m = -680. Calculate the highest common factor of m and 17.
17
Suppose 0 = -2*y - 1 + 9. Calculate the greatest common factor of 1 and y.
1
Let l = -11 + 5. Let t be (8/l)/(1/(-6)). Let m(q) = -q**3 + 8*q**2 + q - 4. Let f be m(t). Calculate the highest common factor of f and 12.
4
Let q(x) = x**2 - 9*x + 13. Let y be q(9). Suppose c = k - y, 5*k + 2*c + 2*c - 65 = 0. Calculate the greatest common factor of 52 and k.
13
Let j = 170 + -90. What is the highest common divisor of 10 and j?
10
Let w(l) = l - 3. Let x be w(0). Let q be (-1)/x*306/3. Let o = -19 + q. What is the greatest common divisor of o and 3?
3
Let s(u) = 2*u**2 + 7*u + 2. Let p = -17 - -12. Let c be s(p). Suppose -5*j = 4*y - 348, -4*j - 2*y = -4*y - 268. What is the highest common divisor of j and c?
17
Suppose -o + 3*o = 12. What is the highest common factor of o and 3?
3
Suppose 34*l = 38*l - 112. Calculate the highest common factor of l and 7.
7
Suppose 3*k = -1 + 10. Let d(g) = -g + 4. Let w be d(k). Calculate the highest common factor of 4 and w.
1
Let y be (-2)/9 + (-145)/(-45). Suppose 4*n - 52 + 2 = 2*h, -h + 45 = y*n. What is the highest common divisor of 28 and n?
14
Let s = 8 - 5. Let h = 0 + s. Suppose 3*m - p - 130 = 0, -h*m + 7*m - 188 = 5*p. Calculate the greatest common factor of m and 6.
6
Let b(t) = t**2 - 9*t + 27. Let h be b(5). Calculate the highest common factor of 14 and h.
7
Suppose x + 11 = -i + 2*i, -3*x = 4*i + 40. Let q = -2 - x. What is the highest common divisor of 15 and q?
5
Suppose -4*l = -5*w + 198, -2*l = -w - 4*l + 48. Suppose 6*q = -66 + 192. What is the highest common factor of q and w?
21
Suppose -245 + 145 = -4*j. Calculate the greatest common divisor of j and 425.
25
Suppose 1 = -2*h + 7. Suppose 0 = -8*s + h*s + 60. What is the highest common factor of s and 36?
12
Suppose -3*h + 2*h + 17 = 0. What is the highest common divisor of 34 and h?
17
Let p(c) = 4*c**3 - 1 - 2*c - 3*c**2 + 3*c**2 - 3*c**2 + 6*c**2. Let d be p(2). Calculate the highest common factor of d and 13.
13
Suppose -655 = -5*g + 5*k, g + 7*k - 137 = 2*k. Let p be ((-9)/6)/((-9)/g). What is the greatest common divisor of 22 and p?
22
Let a(d) = -5*d - 1. Let v be -1 - (3 - (-3)/(-1)). Let s be a(v). Let o be 1/((-2)/((-6)/3)). Calculate the highest common divisor of s and o.
1
Let j(n) = -n**3 + 4*n**2 + 5*n + 5. Let c be j(5). What is the greatest common divisor of c and 45?
5
Suppose 4*l - 22 = 18. Let w be ((-30)/25)/((-3)/l). Suppose -4*d + 20 = -2*v, w*v + 2 = 3*d - 8. What is the greatest common factor of d and 54?
6
Let s = -5 + 53. Calculate the highest common divisor of s and 16.
16
Let l(f) = 2*f**2 - 6*f + 60. Let v be l(6). What is the highest common factor of v and 12?
12
Suppose 3*r - 42 + 1530 = 0. Let u be (-2)/6 - r/3. Calculate the greatest common factor of u 